
Calculate (19 - 5) + (6 + (3 - 10) - 2).
11
What is the value of -2649 - -2552 - (-54 + -1)?
-42
(-21 - 3) + 80 + 41 + 23
120
Evaluate 27 - (-13 - -12 - (6 + 0)).
34
What is (482 - 483) + (3 - -11) + 7?
20
Calculate 3 + (-1 + (0 - 72) - (-493 + 486)) - 10.
-73
Evaluate -41 - (-51 - -10 - -59).
-59
(16 - -12) + -76 - 35
-83
-24 - (-61 - (-20 + 9 + -10))
16
Evaluate 4 + -1 - (-26 - ((113 - 37) + -14)).
91
What is the value of (25 - 50) + 33 - (19 - -1) - 5?
-17
Calculate (-3 - (50 - 13)) + 7 + 24.
-9
(-1 - 84) + 3284 + -3241
-42
Evaluate (-1 - -17) + -83 + 71 - 45.
-41
What is (-4 - (7 + (-4 - 13))) + 9 - -80?
95
Evaluate 21 + -58 - (-99 - -44).
18
What is (-9 - 4 - 6) + 1 + (-1 - 4) + 2?
-21
(153 - 23) + -81 + 6
55
Evaluate 6555 - 6579 - (1 + 1 - 15).
-11
Evaluate 7 - (12 + -26 + 9) - -4.
16
Evaluate (-1 - -88) + -18 + (-111 - -124) + (1 - 7).
76
Evaluate (72 - (4 - 25)) + -50.
43
What is the value of 8 - (-14 + 1 + 16 + -14 - 4)?
23
What is (14 - -41) + (38 - 109)?
-16
Calculate (14 - (9 + -13 + 5)) + (-2 - -2) + -26.
-13
-14 - 5 - (11 - 16) - (-17 + 8)
-5
-19 + 16 + (9 - (-17 + 11))
12
Calculate (-1 - 13) + 137 + -38 + -121.
-36
Calculate -123 - -116 - (0 + -50).
43
Evaluate (2 - (1 - -9)) + (68 - 1 - (-1227 - -1238)).
48
Evaluate -7 + -20 + 24 - (0 - 2) - (20 - 3).
-18
Evaluate 5 - (-2 - 6 - (-349 - -346)).
10
Calculate 4 - (23 + -8 - 10) - -62.
61
Calculate (9 - -1) + (24 - 31) + -7 + 5 - -58.
59
What is the value of (96 - -50) + -269 - -76?
-47
-3 + 72 + 1 - (537 + -544)
77
Evaluate (-9 - (-8 - 6)) + (-67 - 7 - -17).
-52
What is (3 - 5 - -21) + 181 + -201 + -91?
-92
What is -58 - -59 - (0 + 5 + -1) - (-44 - 3)?
44
Calculate 27 + (-18 - 18) + 47 + 4 + -2.
40
Evaluate -42 + 44 + (39 - 51).
-10
-9 + 11 + (-6 - -18 - -17) + 4
35
What is -8 - (-8 + 37) - -50?
13
-43 - 2 - (-17 - ((-1 - 3) + (76 - 90)))
-46
Evaluate (-11 - (-8 + 8 + 2)) + -76 + 6 + -8.
-91
What is 36 - (-19 - -36 - 10)?
29
(-54 - (-15 - -20) - (-11 - -4)) + 7 - -8
-37
What is the value of (62 - 2 - (98 + -72)) + 11?
45
29 - (-24 - (-35 - -11)) - 1
28
Calculate 46 - -1 - (89 + -69 - 10).
37
What is the value of (24 - (-35 + 40)) + (-34 - 0 - 9)?
-24
Evaluate (2 - (-22 + 1 + (-20 - (-27 - -13)))) + 5.
34
Evaluate (-4 - -1 - (-44 + 38)) + 25 + -7 + -1.
20
What is 66 + -48 - (1 + 12 + 1)?
4
-4 + (1 - -31) + (3004 - 2941)
91
Evaluate (-152 - -27) + 26 - (4 + (13 - 28)).
-88
-62 + (-10 - -57) + 12
-3
What is -112 + 136 + (-26 - -1) - (10 + 1) - -72?
60
Evaluate -20 + 14 + (-5 + -7 - 7).
-25
What is the value of -30 - (-110 - (32 - 54))?
58
What is -16 + 2 - (-12 + (-9 - (17 - 49) - -4))?
-29
-38 + (17 - 2) - (3 - 17)
-9
Evaluate -32 + (14 + -36 - -57) - (0 + 44).
-41
What is (44 - (-29 - -78 - 36)) + -26?
5
Calculate (-7 + 30 - 29 - (-9 + -2)) + -89 + 5.
-79
(3 + 18 - (3 - 4)) + -3065 + 3059
16
What is the value of 103 + -82 + -71 + 144?
94
What is the value of 109 + (-18 + 0 - (-87 - -68)) - 11?
99
What is the value of (-8 - (1 + 1)) + 5 + (29 - (1 - -60))?
-37
What is (-3 - -1) + 21 + -31 + 26 + -27?
-13
Calculate (-6 - (-8 - (7 + 1 + -5))) + -3.
2
What is 6 + -8 + 0 + 104 + -17 + 6 + 6?
97
Calculate -35 - (-23 + (-5 - -13) - (6 - 8)).
-22
Evaluate 137 - (-44 - (-131 - -13)).
63
What is (24 - (27 - 16 - -28)) + 38?
23
Calculate 34 - (14 - (17 - -29)).
66
Evaluate 138 + -146 + (5 - (-1 + 0)).
-2
-92 + -4 + (4 - (-21 - -26)) - 22
-119
Evaluate 40 - ((-35 - -23) + 8 + -3 - -4 - -11).
32
(-26 - 15) + -23 - -13 - -1
-50
Evaluate (-37 - (-5 - 60) - -13) + 9 + (1 - 1).
50
What is the value of (5 - 25) + 22 - -63 - (3 + 0 - 0)?
62
What is the value of -66 + (-30 - -51) - -12?
-33
Calculate 34 + -13 + -40 + -33.
-52
Evaluate (18 - (-24 - -83)) + 43 + -84.
-82
-22 + (-9 - -7) - 4 - 10
-38
Calculate -41 + 12 - (237 - 270).
4
Calculate (321 - 346) + -1 + 46.
20
Calculate 28 + -98 + 66 + -5.
-9
Evaluate -17 - -3 - (-11 - 0 - (22 + -9)).
10
37 + (-47 - -51) + (-10 - -3)
34
What is 56 + -142 + (-10 - -54)?
-42
Evaluate (-18 - 10) + 38 + -2 + (-2 - -2) - -22.
30
What is (59 - -13) + -144 + -5?
-77
What is (-69 - (-158 - -72)) + (0 - 12)?
5
Calculate -1 - -45 - (-1659 + 1712).
-9
What is the value of -121 + (14 - -35 - -186)?
114
What is the value of -80 + -119 + 105 - (-6 - 0) - (-15 + 0)?
-73
(-16 - (-19 + (-8 - -15) + -21)) + 52
69
Calculate -2 - 2 - -9 - ((-19 - 2) + -22).
48
Calculate 513 + -514 + (-29 - -97).
67
What is (-1 - 6) + -321 + 338 + -7?
3
What is the value of 58 + -28 + (14 - 16) + -2 + -1?
25
Calculate 71 - 14 - 26 - 45.
-14
What is the value of 7003 + -7040 + (2 - -157)?
122
What is the value of -1594 + 1595 + -3 + -57?
-59
What is 6 - ((14 - (6 + 22)) + 18 + -47 + 1)?
48
What is the value of 15 - 2 - ((37 - (3 + -9)) + 23) - 1?
-54
Evaluate (10 - 21) + (9 + -8 + 5 - 46) + -2.
-53
What is (81 - 37) + ((0 - -3) + 1 - (-139 - -147))?
40
What is the value of -18 + 39 + (2 - -8) + -10?
21
0 + -8 - (-100 - -38) - -14
68
Evaluate (222 - 197) + 67 + (-11 - (-1 - 2)).
84
What is -44 - ((-3 - 4 - -11) + -130 + 108)?
-26
What is (8 - (36 + -43) - -66) + 2 + 1?
84
What is the value of 15 + (32 - 35) + (-5 - 6) - 4?
-3
(150 - (-59 - -182)) + -136
-109
What is the value of -12 - (40 - 30) - 17 - (-1 + -4)?
-34
Calculate (-10 - 13) + -1 + 23 + (4 - (-18 + 3)).
18
Evaluate -7 + -143 + 87 + 4.
-59
Calculate -45 - (3 - 5 - ((-6 + -7 - -11) + 6)).
-39
-10 - (-17 + -10) - (-15 - (53 + 4))
89
Calculate -61 + -8 - (-34 + (-5 - -10) + 16).
-56
Calculate -4 + (-80 - (13 + (-51 - -28))).
-74
What is the value of -27 + (9 - -18) + 13 + (-1 + 6 - -3)?
21
-5 + 2 + 27 + (3720 - 3810)
-66
What is 19 - (16 + -27 + -51 + 21)?
60
What is the value of -11 - (33 + 1 - (-24 + 30 + 1))?
-38
0 + 4 + -1 + (21 - (-58 - -86))
-4
-17 - (-18 - (15 - 27) - -4) - -20
5
What is the value of 9 + 21 + (15 - 1) - 8?
36
What is the value of (-107 - (74 + -180)) + (-2 + 2 - 124) + -9?
-134
Calculate (10 - 11) + 2 + (6 - 18) + 59.
48
Calculate (-37 - -43) + -14 + -5 - (-22 - 1).
10
What is the value of -12 + 133 + (-15 - -50) + -58?
98
Evaluate -7 + 37 + -6 + -51 + 63.
36
Evaluate -3 - -47 - (-18 - -10 - (3 + -7) - -5).
43
(-70 - -61) + (84 - 6 - -6)
75
(74 - (63 - 17)) + (-13 - -1) - -4
20
What is -1 + (41 - 4) - (3546 - 3587)?
77
What is the value of (33 - (-55 - -38)) + 40 + (-1 - -17)?
106
What is the value of (-18 - (11 - 18)) + -1 + 25 + -6?
7
What is -2 - 1 - (-10 + 25 - (13 + 0)) - -35?
30
-91 - (-32 - (-34 + 27 + -6 - 3))
-75
Calculate (3 - (-1 - -22 - (24 + (23 - 33)))) + -123.
-127
What is 172 + -174 + -4 + (75 - -3 - (0 + 2))?
70
Evaluate 9 + (-10 - -10) - (-5 + 2 + (-7 - 34)).
53
What is the value of 20 + (-23 - 3) + 17 + -77?
-66
-31 - (31 - (-8 - -8) - -4)
-66
What is the value of -126 + 245 + (-11 - -1) - (-135 + 111)?
133
What is 3 + -27 + (-30 - -10 - -3)?
-41
Evaluate -17 - (24 - (13 + 23 - 9)).
-14
-160 + -25 + (-440 - -533)
-92
What is -1 - ((4 - 13) + (6 - -8)) - -51?
45
What is the value of -25 + (28 - (-21 + 69) - -88)?
43
Evaluate 274 + -282 + (2 - 0) + (7 - 46).
-45
What is -16 + 3 - (-30 - -25 - 6) - -2?
0
Calculate 2 + (-43 + (-40 - -77) - 7).
-11
Calculate 12 + -1 + 19 + -30 + 31 + -18.
13
What is the value of 467 + -544 + (-6 - -174)?
91
Evaluate (-10 - (19 - 11)) + (15 - 14 - 14).
-31
What is 1 + 32 + (-308 - -301) - (9 - -3)?
14
Evaluate 8 - (0 - (6 + -4)) - (-43 - -70).
-17
What is -10 + -7 + 487 + -438?
32
What is the value of (11 - ((8 - 18) + 9)) + -10 - (4 - 79)?
77
10 + -55 - (1 + -3 + (-3 - -9 - 11))
-38
What is the value of -82 + -5 + 156 + -104?
-35
Evaluate 7 + -2 + (22 + (-18 - -13) - 9).
13
What is (696 - 702) + (0 + 1 - 35)?
-40
What is the value of -47 + -6 + (3 - 0 - 8) + 18?
-40
What is -112 + -26 + (13 - (19 - (10 - 0))) + 6?
-128
What is the value of (29 - 71) + -37 + 32 + 4?
-43
Evaluate -7 + -5 + (9 + -145 + 24 - (-2 - 2)).
-120
Calculate -17 + (1 + 10 - -6) + 8 - -59.
67
What is the value of -29 + (-38 - 14 - -50)?
-31
Evaluate 24 + -59 + 91 - 10.
46
What is (50 - (73 + -8 + -26)) + (1 - 72)?
-60
Evaluate -4 + (6 - (-10 + 7 + -5 + 88)).
-78
What is 243 + -173 - (28 + 0) - -82?
124
What is -5 + -21 + (-326 - -429) + -33?
44
-24 + 6 + -2 + (-11 + -11 - -24)
-18
Calculate -4 + (108 - 106 - ((6 - 4) + 4)).
-8
Calculate -140 + (91 - 125 - -95).
-79
What is -11 + (-1 - -1) + (49